*2/2 - 13*d. Let z be 4/(-6) + 7/(-21). What are the prime factors of k(z)?
3
Suppose -4*r = 4*w + 12, 0 = 2*w + 3*w - 4*r - 30. Suppose -2*k = w*j + 2*j - 206, k = 5*j - 240. Let f = 30 + j. List the prime factors of f.
79
Let q(w) = -14*w + 8*w + 9*w + 72. Let n be q(0). Suppose 3*l + 0*l - 4*c = 89, -4*l - 4*c + n = 0. List the prime factors of l.
23
Let m be (1545/(-9))/(-5*4/(-120)). Let b = -522 - m. What are the prime factors of b?
2, 127
Suppose 0 = -5*m - 2*s, -3*m = -0*m + 5*s. Suppose m = -7*o + 8*o - 5. What are the prime factors of o?
5
Let i(w) = -19*w + w**2 - 5 + 9 + 14*w + 23. List the prime factors of i(-14).
293
Let d(p) = -40*p**3 + 34*p**2 + 136*p - 2. What are the prime factors of d(-4)?
2, 1279
List the prime factors of (-9154)/92*-3*248/12.
31, 199
Suppose 525 = 2*t + 3*t. Suppose t*c + 8 = 101*c. What are the prime factors of 84 + 2/((-1)/(3/c))?
3, 29
Let u = 26 - -63. Let o = u + -15. List the prime factors of o.
2, 37
Let j(m) be the first derivative of 3*m**4/4 - m**3/3 - 11*m**2/2 + 19*m + 136. What are the prime factors of j(7)?
2, 461
Let v = 44596 - 19961. What are the prime factors of v?
5, 13, 379
Suppose -4620 = j + 3*k - 24813, 5*j - 3*k - 101055 = 0. List the prime factors of j.
2, 3, 421
Let i = 17 - 14. Suppose i*a = -0 + 264. Let m = a - 33. List the prime factors of m.
5, 11
Suppose -16*c - 1788 = 5*n - 17*c, 0 = 2*c - 6. List the prime factors of -9*(-1)/(-3)*n.
3, 7, 17
Suppose -530*g = -1068*g + 520*g + 146412. List the prime factors of g.
2, 7, 83
Let n = 18094 - 8496. List the prime factors of n.
2, 4799
Let c(x) = -9*x**2 - 17*x - 70. Let v(j) = -44*j**2 - 84*j - 352. Let n(d) = -11*c(d) + 2*v(d). List the prime factors of n(-6).
2, 3, 29
Suppose 26916 = 4*k - k + 3*b, -26913 = -3*k - 4*b. List the prime factors of k.
5, 359
Let f be (-50)/(-18) + 6/27. Suppose 3*u - 17 = 4*b, f*u - 9 = 2*b + 2*u. List the prime factors of 2 - (0 - -2) - (-40 + b).
3, 5
List the prime factors of (16710/105)/(15/2520).
2, 3, 557
Let t be -5 - (-3 + 2) - 1*-282. Suppose 5*q - 352 = c, 0*c = 4*q + c - t. What are the prime factors of q?
2, 5, 7
Suppose -4004 = 140*b - 166*b. What are the prime factors of b?
2, 7, 11
Let g be 78/24 + 3/(-12). Suppose v - 22 = -3*v - 5*a, -g*a - 3 = -3*v. Suppose 0 = -v*c + 19 + 80. What are the prime factors of c?
3, 11
Let d = 11976 - -12088. Suppose -237*v - d = -253*v. What are the prime factors of v?
2, 47
Let f(l) = 18*l + 122. Let x be f(54). Suppose -h - 1645 = -3*i, 2*h + x = 9*i - 7*i. What are the prime factors of i?
3, 61
Let m = 67 - 65. List the prime factors of 586 + (3 - m*(3 + 1)).
7, 83
Let b be ((-5)/2)/((-11)/(-22)). Let i(k) = -9*k + 79. List the prime factors of i(b).
2, 31
Let p(b) = -b**3 - 11*b**2 + 10*b - 17. Let c be p(-12). Suppose c*g - 5*g = -36. Let j(n) = -4*n - 37. List the prime factors of j(g).
5, 7
Let h(k) = -1961*k + 1361. List the prime factors of h(-4).
5, 7, 263
Let m = -25 - -135. Let v(h) = m + 2*h + 3*h - 80. What are the prime factors of v(18)?
2, 3, 5
Let s(z) = z**2 - 19*z + 139. What are the prime factors of s(19)?
139
Let x(f) = f**3 - 9*f**2 - 5*f - 14. Let b = -25 + 20. Let l = b + 15. List the prime factors of x(l).
2, 3
Let c(h) = 70*h**2 - 23*h - 15. Let l be c(-5). List the prime factors of l/15 + (-5)/(-3).
5
Let i(w) be the first derivative of -20*w + 5/3*w**3 - 5/2*w**2 - 32. List the prime factors of i(-4).
2, 5
What are the prime factors of 3 + 19515*(-6)/(-30) + (2 - 1)?
3907
Let p(j) = 14*j - 9. Let q be p(1). Suppose -3*g = -y + q*y - 7, 11 = -5*g - y. What are the prime factors of (1 - 925/(-15)) + 2/g?
2, 31
List the prime factors of ((-275)/20)/(11/(-1452)).
3, 5, 11
Let k be (-11092)/(-22) + (0 - 6/33). Let s = k + 74. List the prime factors of s.
2, 17
Let v = 1845 - 805. Suppose 3*a - v = -6308. What are the prime factors of a/(-32) + 1/8?
5, 11
Let d(k) = -226*k**3 - 10*k**2 - 36*k - 18. What are the prime factors of d(-3)?
2, 3, 113
Suppose -2*m - 2*m = -996. Suppose 3*s - 15 = -q, -5*s + 32 + 0 = 4*q. Suppose -2*d = -6*k + 3*k + 259, q*k + 3*d = m. List the prime factors of k.
5, 17
Suppose 0 = -j + 1 - 2, -2 = -5*w + 2*j. Suppose -5*t - k + 19 - 3 = 0, w = 2*k + 8. List the prime factors of t.
2
Let k(t) = 343*t - 2238. Let h be k(7). Let w(i) = i - 4. Let s be w(6). Suppose -d + h = 4*c, -2*d - s*c = -0*c - 356. What are the prime factors of d?
3, 61
Suppose -w - 1 = -4*r, -4*w + 10*r = 5*r - 7. Suppose 2*j - 214 = -4*p, 316 = w*j - 0*j + p. Let b = -13 + j. What are the prime factors of b?
2, 23
Let q(y) = 22*y + 4. Let p be q(-1). Let o be (-86)/p - (-8)/36. Suppose 0 = 13*b - o*b - 832. What are the prime factors of b?
2, 13
Let n = -94 + 125. Suppose 0 = n*h - 23*h - 3912. What are the prime factors of h?
3, 163
Suppose 16*b + 2420 = 6*b. Let l = b + 580. List the prime factors of l.
2, 13
Let o(r) be the first derivative of r**4/4 + 8*r**3 + 28*r**2 - 14*r + 291. List the prime factors of o(-20).
2, 233
Let s(h) = 2*h - 4. Let r be s(5). Let y = -8638 + 8638. Suppose -r*m + 192 + 132 = y. What are the prime factors of m?
2, 3
Let s be (195/(-26))/((-6)/448). Let c = s + -152. Suppose 3*u - 6 = 0, 5*w - 3*u + c = 7*w. What are the prime factors of w?
3, 67
Let j = -3408 + 29842. List the prime factors of j.
2, 13217
Let j be ((-28)/6)/((-2)/3). Let f = 317 + -312. List the prime factors of (63/f)/j*(-1 + 6).
3
Suppose 4*b = 5*s + 305 + 7, -5*b - 2*s = -357. Let g = 186 + -21. Let r = g - b. List the prime factors of r.
2, 23
Let g(j) = 69*j**3 + 2*j**2 + 8*j - 19. Let p(v) = 3*v**2 + 5*v + 4. Let n be p(-1). What are the prime factors of g(n)?
557
Suppose q = 5, -4*q - 21105 = -37*u + 36*u. What are the prime factors of u?
5, 13
Suppose -j = -2*j - i + 7, 3*j + 4*i - 26 = 0. Let b(k) = 2*k - 2*k + 88*k**j + 1 + k - 3*k. What are the prime factors of b(1)?
3, 29
Suppose -4*g + 9 = 1. Suppose 0 = x - 5 + 2, 6 = 3*h + g*x. Suppose 0*d + d - 96 = h. What are the prime factors of d?
2, 3
List the prime factors of 5643 - -4 - (-21)/(-28)*-12.
2, 7, 101
Let f(i) = 74*i**2 + 25*i - 131. List the prime factors of f(8).
5, 31
Let h(z) = 2890*z**3 - 12*z**2 + 12*z + 1. List the prime factors of h(1).
7, 59
Suppose -336 = n + 6. Let o = n + 469. List the prime factors of o.
127
Let a(x) = -859*x**3 + x + 2. Suppose 2*d - 4*o - 7 - 7 = 0, 3*o + 17 = -5*d. What are the prime factors of a(d)?
2, 5, 43
Let c be 16/7 + (-28)/98. Suppose 3*m + h + 43 = c*h, -5*m + 3*h = 73. Let x(j) = -j**3 - 16*j**2 - 30*j - 7. What are the prime factors of x(m)?
3, 7
Suppose 25*k - 145 = -20. Suppose 5*h + 2*i = 3494, -6*h + 4*h + k*i + 1386 = 0. List the prime factors of h.
2, 349
Let c(f) = 62*f**2 + 136*f - 1818. List the prime factors of c(16).
2, 3, 5, 541
Let t(u) = 7*u - 9. Let x(l) = 6*l - 8. Let a(p) = 3*t(p) - 4*x(p). List the prime factors of a(-13).
2, 11
Suppose -124*n - 37232 = -128*n. List the prime factors of n.
2, 13, 179
Let l(z) = 4*z**3 - 12*z**2 + 20*z + 2. Let w(k) = -k**3 - 7*k**2 + 18*k + 6. Let o be w(-9). What are the prime factors of l(o)?
2, 277
List the prime factors of (-7)/21*-12 + 0 + -2 + 12386.
2, 19, 163
Suppose 34*f = 47*f - 29*f + 804736. What are the prime factors of f?
2, 6287
Let m = 12 - 7. Suppose 5*f + 4*p - 13 - m = 0, -6 = f - 4*p. Suppose f*z - 134 = -v, -5*v + 3*v + z + 248 = 0. What are the prime factors of v?
2, 3, 7
Suppose 0 = -3*i + 2*i - 1, -5488 = -5*g + 3*i. List the prime factors of (g + (2 - 4))/((-3)/(-3)).
3, 5, 73
Let c = -10538 + 26378. Suppose 34*a - 12*a - c = 0. List the prime factors of a.
2, 3, 5
Let l be (-4)/(-16) + (-475)/(-100). Suppose -k - k = -4. Suppose -k = l*d - 277. What are the prime factors of d?
5, 11
Let r(b) = 443*b**2 - 193*b + 97. List the prime factors of r(6).
14887
Suppose -18 = -4*o - 5*c - 551, 4*c = 5*o + 697. Let g = 512 - o. List the prime factors of g.
11, 59
Let m = -20 - -16. Let j(t) = -10*t**2 - 4*t + 3. Let d(f) = 30*f**2 + 11*f - 9. Let q(i) = 3*d(i) + 8*j(i). List the prime factors of q(m).
3, 17
Suppose -57*j + 289739 = 24677 - 361596. List the prime factors of j.
2, 23, 239
Suppose 2*x + u = 6801, 10*u - 5*u = -2*x + 6781. Suppose -k + 8*m = 5*m - 692, 5*k + 4*m - x = 0. What are the prime factors of k?
683
Let t(f) = -210*f - 56. Let 